{"id":112,"date":"2017-05-05T10:06:29","date_gmt":"2017-05-05T08:06:29","guid":{"rendered":"http:\/\/ipmm.polsl.pl\/?page_id=112"},"modified":"2019-02-25T11:13:24","modified_gmt":"2019-02-25T10:13:24","slug":"ogloszenia","status":"publish","type":"page","link":"https:\/\/ipmm.polsl.pl\/?page_id=112","title":{"rendered":"Og\u0142oszenia"},"content":{"rendered":"<p style=\"text-align: justify;\"><strong>15.05.2017<\/strong><\/p>\n<p style=\"text-align: justify;\"><strong>ZAPROSZENIE DO SK\u0141ADANIA OFERT<\/strong> na prace pomocnicze.<\/p>\n<p style=\"text-align: justify;\"><strong>Nazwa przedmiotu zam\u00f3wienia:<\/strong> Obs\u0142uga personalna mi\u0119dzynarodowej konferencji w Polsce.<\/p>\n<p style=\"text-align: justify;\">Pe\u0142na tre\u015b\u0107 do pobrania <a href=\"http:\/\/ipmm.polsl.pl\/wp-content\/uploads\/2019\/02\/Zapytanie-ofertowe-obs\u0142uga-konferencji.pdf\">tutaj<\/a>.<\/p>\n<hr \/>\n<p style=\"text-align: justify;\"><strong>09.05.2017<\/strong><\/p>\n<p style=\"text-align: justify;\"><strong>ZAPROSZENIE DO SK\u0141ADANIA OFERT<\/strong> na t\u0142umaczenie tekstu.<\/p>\n<p style=\"text-align: justify;\"><strong>Nazwa przedmiotu zam\u00f3wienia:<\/strong> T\u0142umaczenie tekstu &#8211; t\u0142umaczenie symultaniczne, us\u0142uga wynaj\u0119cia sprz\u0119tu do<br \/>\nt\u0142umaczenia symultanicznego, t\u0142umaczenie tekstu.<\/p>\n<p style=\"text-align: justify;\">Pe\u0142na tre\u015b\u0107 do pobrania <a href=\"http:\/\/ipmm.polsl.pl\/wp-content\/uploads\/2019\/02\/Zapytanie-ofertowe-t\u0142umaczenie-tekstu.pdf\">tutaj<\/a>.<\/p>\n<hr \/>\n<p style=\"text-align: justify;\"><strong>05.05.2017<\/strong><\/p>\n<p style=\"text-align: justify;\"><strong>ZAPROSZENIE DO SK\u0141ADANIA OFERT<\/strong> na prace pomocnicze.<\/p>\n<p style=\"text-align: justify;\"><strong>Nazwa przedmiotu zam\u00f3wienia:<\/strong> Redakcja referat\u00f3w do druku na mi\u0119dzynarodow\u0105 konferencj\u0119 naukow\u0105.<\/p>\n<p style=\"text-align: justify;\">Pe\u0142na tre\u015b\u0107 do pobrania <a href=\"http:\/\/ipmm.polsl.pl\/wp-content\/uploads\/2019\/02\/Zapytanie-ofertowe-redakcja-referat\u00f3w-do-druku.pdf\">tutaj<\/a>.<\/p>\n<p style=\"text-align: justify;\"><strong>ZAPROSZENIE DO SK\u0141ADANIA OFERT<\/strong> w post\u0119powaniu dotycz\u0105cym zam\u00f3wienia o warto\u015bci nie przekraczaj\u0105cej w z\u0142otych r\u00f3wnowarto\u015bci kwoty 30 000 euro.<\/p>\n<p style=\"text-align: justify;\"><strong>Nazwa przedmiotu zam\u00f3wienia:<\/strong> Organizacja pobytu i wy\u017cywienia uczestnik\u00f3w konferencji wraz z wynajmem sali konferencyjnej.<\/p>\n<p style=\"text-align: justify;\">Pe\u0142na tre\u015b\u0107 og\u0142oszenia znajduje si\u0119 w <a href=\"http:\/\/administracja.polsl.pl\/zamowienia\/Lists\/zamowienia30tys\/DispForm.aspx?ID=325&amp;Source=http%3A%2F%2Fadministracja%2Epolsl%2Epl%2Fzamowienia%2FLists%2Fzamowienia30tys%2FAllItems%2Easpx\" target=\"_blank\" rel=\"noopener\">Biuletynie Informacji Publicznej Politechniki \u015al\u0105skiej<\/a>.<\/p>\n<p style=\"text-align: justify;\"><strong>Uwaga<\/strong> &#8211; aktualizacja oferty znajduje si\u0119 <a href=\"http:\/\/administracja.polsl.pl\/zamowienia\/Lists\/zamowienia30tys\/DispForm.aspx?ID=328&amp;Source=http%3A%2F%2Fadministracja%2Epolsl%2Epl%2Fzamowienia%2FLists%2Fzamowienia30tys%2FAllItems%2Easpx\">tutaj<\/a>.<\/p>\n<hr \/>\n<p style=\"text-align: justify;\"><strong>02.05.2017<\/strong><\/p>\n<p style=\"text-align: justify;\"><strong>ZAPROSZENIE DO SK\u0141ADANIA OFERT<\/strong> na us\u0142ugi poligraficzne.<\/p>\n<p style=\"text-align: justify;\"><strong>Nazwa przedmiotu zam\u00f3wienia:<\/strong> Us\u0142ugi poligraficzne &#8211; druk referat\u00f3w konferencyjnych w cyklicznym wydawnictwie znajduj\u0105cym si\u0119 na li\u015bcie MNiSW.<\/p>\n<p style=\"text-align: justify;\">Pe\u0142na tre\u015b\u0107 do pobrania <a href=\"http:\/\/ipmm.polsl.pl\/wp-content\/uploads\/2019\/02\/Zapytanie-ofertowe-druk-referat\u00f3w.pdf\">tutaj<\/a>.<\/p>\n<hr \/>\n<p style=\"text-align: justify;\"><strong>29.03.2017<\/strong><\/p>\n<p style=\"text-align: justify;\"><strong>ZAPROSZENIE DO SK\u0141ADANIA OFERT<\/strong> na druk materia\u0142\u00f3w promocyjnych (mobilny rollup, tabliczka biura projektu, ulotki promocyjne, plakaty itp.).<\/p>\n<p style=\"text-align: justify;\"><strong>Nazwa przedmiotu zam\u00f3wienia:<\/strong> Druk materia\u0142\u00f3w promocyjnych wed\u0142ug przes\u0142anego projektu.<\/p>\n<p style=\"text-align: justify;\">Pe\u0142na tre\u015b\u0107 do pobrania <a href=\"http:\/\/ipmm.polsl.pl\/wp-content\/uploads\/2019\/02\/Zapytanie_ofertowe_promocja_druk.pdf\">tutaj<\/a>.<\/p>\n","protected":false},"excerpt":{"rendered":"<p>15.05.2017 ZAPROSZENIE DO SK\u0141ADANIA OFERT na prace pomocnicze. Nazwa przedmiotu zam\u00f3wienia: Obs\u0142uga personalna mi\u0119dzynarodowej konferencji w Polsce. Pe\u0142na tre\u015b\u0107 do pobrania tutaj. 09.05.2017 ZAPROSZENIE DO SK\u0141ADANIA OFERT na t\u0142umaczenie tekstu. Nazwa przedmiotu zam\u00f3wienia: T\u0142umaczenie tekstu &#8211; t\u0142umaczenie symultaniczne, us\u0142uga wynaj\u0119cia sprz\u0119tu do t\u0142umaczenia symultanicznego, t\u0142umaczenie tekstu. Pe\u0142na tre\u015b\u0107 do pobrania tutaj. 05.05.2017 ZAPROSZENIE DO SK\u0141ADANIA <a class=\"read-more\" href=\"https:\/\/ipmm.polsl.pl\/?page_id=112\">[&hellip;]<\/a><\/p>\n","protected":false},"author":1,"featured_media":0,"parent":0,"menu_order":0,"comment_status":"closed","ping_status":"closed","template":"","meta":{"footnotes":""},"_links":{"self":[{"href":"https:\/\/ipmm.polsl.pl\/index.php?rest_route=\/wp\/v2\/pages\/112"}],"collection":[{"href":"https:\/\/ipmm.polsl.pl\/index.php?rest_route=\/wp\/v2\/pages"}],"about":[{"href":"https:\/\/ipmm.polsl.pl\/index.php?rest_route=\/wp\/v2\/types\/page"}],"author":[{"embeddable":true,"href":"https:\/\/ipmm.polsl.pl\/index.php?rest_route=\/wp\/v2\/users\/1"}],"replies":[{"embeddable":true,"href":"https:\/\/ipmm.polsl.pl\/index.php?rest_route=%2Fwp%2Fv2%2Fcomments&post=112"}],"version-history":[{"count":21,"href":"https:\/\/ipmm.polsl.pl\/index.php?rest_route=\/wp\/v2\/pages\/112\/revisions"}],"predecessor-version":[{"id":966,"href":"https:\/\/ipmm.polsl.pl\/index.php?rest_route=\/wp\/v2\/pages\/112\/revisions\/966"}],"wp:attachment":[{"href":"https:\/\/ipmm.polsl.pl\/index.php?rest_route=%2Fwp%2Fv2%2Fmedia&parent=112"}],"curies":[{"name":"wp","href":"https:\/\/api.w.org\/{rel}","templated":true}]}}