{"id":2,"date":"2017-02-06T15:51:17","date_gmt":"2017-02-06T14:51:17","guid":{"rendered":"http:\/\/ipmm.polsl.pl\/?page_id=2"},"modified":"2019-02-21T14:47:50","modified_gmt":"2019-02-21T13:47:50","slug":"przykladowa-strona","status":"publish","type":"page","link":"https:\/\/ipmm.polsl.pl\/","title":{"rendered":"O projekcie"},"content":{"rendered":"<p style=\"text-align: justify;\">Projekt <em>Transgraniczna Wymiana Do\u015bwiadcze\u0144 w In\u017cynierii Produkcji z Zastosowaniem Metod Matematycznych<\/em> zosta\u0142 opracowany przez Instytut In\u017cynierii Produkcji oraz Centrum Kszta\u0142cenia In\u017cynier\u00f3w Politechniki \u015al\u0105skiej. Projekt jest realizowany przy wsp\u00f3\u0142pracy z Politechnik\u0105 Ostrawsk\u0105 (Republika Czeska). Podstaw\u0105 opracowania i zg\u0142oszenia Projektu s\u0105 do\u015bwiadczenia Instytutu wynikaj\u0105ce z prac badawczych w obszarze in\u017cynierii produkcji oraz zarz\u0105dzania na r\u00f3\u017cnych p\u0142aszczyznach wsp\u00f3\u0142pracy z przemys\u0142em, a tak\u017ce administracj\u0105 lokaln\u0105 i pa\u0144stwow\u0105. Wieloletnia wsp\u00f3\u0142praca Politechniki \u015al\u0105skiej i Politechniki Ostrawskiej pozwoli\u0142a na okre\u015blenie obszar\u00f3w transgranicznych pomi\u0119dzy Polsk\u0105 a Czechami, w kt\u00f3rych swoje zastosowanie znajduje in\u017cynieria produkcji.<\/p>\n<p style=\"text-align: justify;\">\n<p><img loading=\"lazy\" decoding=\"async\" class=\"aligncenter wp-image-635 size-full\" src=\"http:\/\/ipmm.polsl.pl\/wp-content\/uploads\/2019\/02\/Cogs-Baravs-6-Steps-Project-Management_v2-tr.png\" alt=\"\" width=\"823\" height=\"462\" srcset=\"https:\/\/ipmm.polsl.pl\/wp-content\/uploads\/2019\/02\/Cogs-Baravs-6-Steps-Project-Management_v2-tr.png 823w, https:\/\/ipmm.polsl.pl\/wp-content\/uploads\/2019\/02\/Cogs-Baravs-6-Steps-Project-Management_v2-tr-300x168.png 300w, https:\/\/ipmm.polsl.pl\/wp-content\/uploads\/2019\/02\/Cogs-Baravs-6-Steps-Project-Management_v2-tr-768x431.png 768w\" sizes=\"(max-width: 823px) 100vw, 823px\" \/><\/p>\n<p style=\"text-align: justify;\">Projekt ten obejmuje transfer do\u015bwiadcze\u0144 pomi\u0119dzy polskim i czeskim \u015brodowiskiem naukowym w zakresie zastosowa\u0144 element\u00f3w in\u017cynierii produkcji z wykorzystaniem metod matematycznych. W obu krajach in\u017cynieria produkcji wykorzystywana jest w r\u00f3\u017cnych procesach produkcyjnych, organizacyjnych i us\u0142ugowych. Projekt umo\u017cliwia po\u0142\u0105czenie tych do\u015bwiadcze\u0144 i przeniesienie ich na obydwa obszary przygraniczne z korzy\u015bci\u0105 dla znajduj\u0105cych si\u0119 na ich terenie przedsi\u0119biorstw i gmin, co pozwoli r\u00f3wnie\u017c na utworzenie podwalin do dalszej wsp\u00f3\u0142pracy w tym zakresie.<\/p>\n<p style=\"text-align: center;\"><em>Projekt realizowany jest w ramach programu INTERREG V-A Republika Czeska &#8211; Polska i jest wsp\u00f3\u0142finansowany ze \u015brodk\u00f3w Europejskiego Funduszu Rozwoju Regionalnego oraz bud\u017cetu pa\u0144stwa RP &#8222;Przekraczamy Granice&#8221;.<\/em><\/p>\n<h4 style=\"text-align: center;\"><strong>Czas trwania Projektu to 01.04.2017-31.03.2018<\/strong><\/h4>\n","protected":false},"excerpt":{"rendered":"<p>Projekt Transgraniczna Wymiana Do\u015bwiadcze\u0144 w In\u017cynierii Produkcji z Zastosowaniem Metod Matematycznych zosta\u0142 opracowany przez Instytut In\u017cynierii Produkcji oraz Centrum Kszta\u0142cenia In\u017cynier\u00f3w Politechniki \u015al\u0105skiej. Projekt jest realizowany przy wsp\u00f3\u0142pracy z Politechnik\u0105 Ostrawsk\u0105 (Republika Czeska). Podstaw\u0105 opracowania i zg\u0142oszenia Projektu s\u0105 do\u015bwiadczenia Instytutu wynikaj\u0105ce z prac badawczych w obszarze in\u017cynierii produkcji oraz zarz\u0105dzania na r\u00f3\u017cnych p\u0142aszczyznach wsp\u00f3\u0142pracy <a class=\"read-more\" href=\"https:\/\/ipmm.polsl.pl\/\">[&hellip;]<\/a><\/p>\n","protected":false},"author":1,"featured_media":0,"parent":0,"menu_order":0,"comment_status":"closed","ping_status":"open","template":"","meta":{"footnotes":""},"_links":{"self":[{"href":"https:\/\/ipmm.polsl.pl\/index.php?rest_route=\/wp\/v2\/pages\/2"}],"collection":[{"href":"https:\/\/ipmm.polsl.pl\/index.php?rest_route=\/wp\/v2\/pages"}],"about":[{"href":"https:\/\/ipmm.polsl.pl\/index.php?rest_route=\/wp\/v2\/types\/page"}],"author":[{"embeddable":true,"href":"https:\/\/ipmm.polsl.pl\/index.php?rest_route=\/wp\/v2\/users\/1"}],"replies":[{"embeddable":true,"href":"https:\/\/ipmm.polsl.pl\/index.php?rest_route=%2Fwp%2Fv2%2Fcomments&post=2"}],"version-history":[{"count":22,"href":"https:\/\/ipmm.polsl.pl\/index.php?rest_route=\/wp\/v2\/pages\/2\/revisions"}],"predecessor-version":[{"id":731,"href":"https:\/\/ipmm.polsl.pl\/index.php?rest_route=\/wp\/v2\/pages\/2\/revisions\/731"}],"wp:attachment":[{"href":"https:\/\/ipmm.polsl.pl\/index.php?rest_route=%2Fwp%2Fv2%2Fmedia&parent=2"}],"curies":[{"name":"wp","href":"https:\/\/api.w.org\/{rel}","templated":true}]}}